**3 + 8*m**2 - m + 3. Let k be g(-7). Let t = 91 - k. What is the tens digit of t?
3
Suppose 37*z = 36*z + 129. What is the hundreds digit of z?
1
Let v = 173 - 90. What is the units digit of v?
3
Let y = -14 - -25. What is the tens digit of y?
1
Suppose -5*k + 27 = t, -4*t + 63 = 4*k - 61. What is the units digit of t?
2
Suppose h = 2*h - 2. What is the units digit of h?
2
Let q = -54 - -90. What is the units digit of (q/(-15))/(6/(-15))?
6
Let c = 20 + -9. Suppose -n = -0*n + 5*a - c, -10 = -5*a. What is the units digit of n?
1
Suppose x + 4*t = -17, 4*x + 4 = 2*x - 2*t. Suppose -x*q = -16 + 1. What is the units digit of q?
5
Let r = -21 + 93. Let c = -50 + r. What is the units digit of c?
2
Let z(x) = x**2 - 13. Suppose -5*o - 12 = -3*o. What is the units digit of z(o)?
3
Suppose o - 212 = 181. What is the units digit of o?
3
Suppose 9 = m - 2*c, m + 8 = -2*m - c. Let n = m + 20. Suppose 2*u - n = 9. What is the units digit of u?
4
Let x(j) = -j**3 - 3*j**2 + 2*j - 2. Let m be x(-3). What is the tens digit of (-10)/((12/3)/m)?
2
What is the hundreds digit of 2/16 + 33084/288?
1
What is the tens digit of (-5)/5 - (-1 - 41)?
4
Let u(w) = 29*w + 1. What is the units digit of u(2)?
9
Suppose -2*h = z - 9, 3*h - 2*z + 5 = 36. Suppose h*l + 4 = 3*l. What is the units digit of l/2 + 5/2?
2
Let b(a) = a**3 - 8*a**2 - 9*a + 4. Let s be b(9). What is the units digit of ((-114)/9)/(s/(-6))?
9
Let g(u) = -u**3 - 5*u**2 + u + 7. What is the units digit of g(-6)?
7
Suppose w + 4*l = -2*w + 176, w + 2*l - 60 = 0. What is the tens digit of w?
5
Suppose 0 = -2*i - 1 - 31. Let m be (-1 - i)*1/(-3). Let a(n) = -n**2 - 9*n - 2. What is the units digit of a(m)?
8
Let b(c) be the third derivative of c**6/120 - c**5/15 + c**4/12 + c**3/6 - 4*c**2. What is the units digit of b(4)?
9
Let p = 8 - 3. Suppose -48 = -p*u - 13. What is the units digit of u?
7
Let r(a) = 6*a**2 - 5*a + 2. What is the tens digit of r(3)?
4
Let b = -2 + 2. Suppose b = 2*s - 6, 5*s - 3 - 164 = -4*g. What is the units digit of g?
8
What is the tens digit of (-1150)/(-40) - (-2)/8?
2
Let v = -1 - -5. Suppose -3*r = -4*b + 2*b - 4, 0 = v*b - r - 2. Suppose 5*u - b - 29 = 0. What is the units digit of u?
6
Suppose 0 = 4*g - 4 + 16. Let q be 54 - g - (-2 - 0). Suppose -5*p - 25 = -2*u - q, 4*p = -5*u + 47. What is the units digit of p?
8
Suppose 7*m = 476 + 1001. What is the units digit of m?
1
What is the tens digit of (-3)/(-2 - (-57)/33)?
1
Let l(v) be the first derivative of v**2/2 + 2*v + 1. Suppose -i - 18 = -5*b + 41, -28 = -2*b - 4*i. What is the units digit of l(b)?
4
Let g = -1 - 1. Let i be 0 - g/(-2)*-2. What is the units digit of i*1 + 0/1?
2
Suppose -4*a = 52 - 308. What is the units digit of a?
4
Suppose t - 150 - 42 = -u, -2*u = -t - 378. What is the tens digit of u?
9
Let f(j) be the third derivative of j**6/120 + j**5/20 + j**4/6 + 2*j**3/3 + 2*j**2. Let h be f(-3). Let r = h + 11. What is the units digit of r?
3
Suppose -4 - 9 = 5*o - 4*k, 5*k = 10. Let q be -28*((-9)/6 - o). What is the units digit of q*(-1)/(-2) + 2?
9
What is the units digit of (13 + -8)/((-2)/(-16))?
0
Let k(p) = 7*p**3 - 7*p + 5. What is the units digit of k(2)?
7
Let u(n) = -25*n**3 - 3*n**2 - 2*n - 4. What is the hundreds digit of u(-2)?
1
Let o = -6 - -6. Let q(n) = -n. Let c be q(o). Suppose 3*x + 5*r - 6 = -c, 5*x - 10 = 5*r. What is the units digit of x?
2
Let i = -8 + 1. Let x = -5 - i. Suppose -x*l + 10 = 4. What is the units digit of l?
3
Suppose 3*t + 4*v - 5 = 0, 0 = 4*t - 5*v - 77 + 29. What is the units digit of t?
7
Let i(c) = -17*c + 2. What is the tens digit of i(-1)?
1
Let k be -1 + (-1 - -3) + -1. Suppose -m = -k*m - 8. What is the units digit of m?
8
Let j(v) = v**3 + 6*v**2 + 4*v - 1. Let m be j(-5). Suppose l - 29 = -m*l + x, 5*l - 2*x - 33 = 0. Suppose 5 + l = 5*a. What is the units digit of a?
2
What is the tens digit of (-2)/(-4 - 0)*164?
8
Suppose l + 4*f + f = 15, 3*l = -3*f + 69. What is the tens digit of l?
2
Suppose -3*s + 76 = -8. What is the units digit of s?
8
Let i(u) = -u**2 - 8*u + 8. Let l be i(-9). Let x be -1*(1 + l + -16). Suppose -5*a + 18 = 3*b - x, -2*a = -4*b + 2. What is the units digit of a?
5
Suppose -2*j + 4*t + 344 = 0, 4*j - 3*t + 249 = 922. What is the tens digit of j?
6
Let g(v) = 11*v**2 + 39*v + 33. Let j(l) = -4*l**2 - 13*l - 11. Let c(s) = -3*g(s) - 8*j(s). What is the tens digit of c(-8)?
2
Let h = 0 + 0. Suppose h = g - 5. What is the units digit of g?
5
Let i be (-3)/(-3)*-1 - -3. Let j = i - 4. What is the units digit of (-3 + 31 + j)/2?
3
Let z(m) = 3*m**2 + 4*m + 2. Let n be z(-2). Suppose -k = -n*k. Let f(p) = p**2 + p + 1. What is the units digit of f(k)?
1
Let h(i) = -i**2 + 4*i + 4. Let r be h(4). Let c(k) = 53*k**3 + 2*k**2 - 1. Let f be c(1). What is the units digit of ((-2)/(-3))/(r/f)?
9
Let z be (0/2)/(1 - 0). Suppose z = -0*s + 4*s - 4. Suppose s = -v + 10. What is the units digit of v?
9
Let y = 27 - 23. What is the units digit of y?
4
Let z be (-39*1)/3 + -2. Let p = -10 - z. Suppose 0 = -k - q + 14, -p*k + 30 = q - 4*q. What is the units digit of k?
9
Suppose -2*v = -4*t - 30, -4*v + 36 = 2*t + 2*t. Suppose 0 = -3*g + 2*g + v. What is the units digit of g?
1
Let u be 2/5*(22 + -2). Let o = -4 + u. Suppose -o*g - 5*b = -40, -3*b = -2*g - 2*b + 34. What is the tens digit of g?
1
Let w(x) = -x - 1. Let s(m) = -m**3 - 10*m**2 - 3*m + 2. Let z(t) = -s(t) + 5*w(t). What is the tens digit of z(-10)?
1
Let k(f) = 13*f + 3. Let u be k(-3). Let j = -20 - u. What is the units digit of j?
6
Suppose -11 = -i - 3. What is the units digit of i?
8
Suppose -40 = -5*g + 5*w, -5*w = -8*g + 5*g + 32. Suppose -g*j = -3*d - 28 - 15, 3*j = d + 36. What is the units digit of j?
3
Let z(b) = 3*b**2 - 2*b**2 + 2*b + b**2 - 1. Let d = -15 - -13. What is the units digit of z(d)?
3
Suppose -194 = -3*w - 38. Suppose 3*m = -2*z + 26, 4*z + 0*m = 2*m + w. What is the tens digit of z?
1
Let v(z) = 13*z - 9*z + 13 - z**2 - 17*z. What is the tens digit of v(-12)?
2
Suppose 4*n - 126 = -2*n. What is the units digit of n?
1
Let u(c) = -2*c**2 + 2. Let b be u(-2). Let z = 19 - 4. What is the units digit of 2/b - (-65)/z?
4
What is the tens digit of 988/10 - (-10 - -5)/25?
9
Let t(o) = o**3 + 6*o**2 - 3*o - 13. Let j be t(-6). Suppose 0 = -j*d, 63 = 4*c - 2*d - 13. What is the units digit of c?
9
Suppose -2*l - 282 = -4*f, -3*l - 121 - 26 = -2*f. What is the units digit of f?
9
Let g = -22 + 16. Let q = 14 + -26. Let h = g - q. What is the units digit of h?
6
Suppose 2 = 2*i - 6. Suppose y = 2*r + 7, 0 = 2*y - 3*y - i*r + 19. What is the tens digit of y?
1
Let u = -8 - -5. Let g(a) = 3*a - 1. Let t(p) = -5*p + 2. Let q(y) = 7*g(y) + 5*t(y). What is the tens digit of q(u)?
1
Suppose 4*y - 5*o - 25 = 0, 3*y - 30 = -2*o + 6. What is the tens digit of 400/y - (3 - 0)?
3
Suppose 5*p = -0*p + 15. Suppose 0 = 3*v - 2*b + 5*b - 33, p*b = 3*v - 51. What is the tens digit of v?
1
Let s be 1/(-4) - 17/(-4). Suppose -s*l - 33 = -3*y + 23, 0 = -3*y - l + 31. What is the units digit of y?
2
Suppose 0 = -n - 4 - 5. What is the units digit of (-6)/(-27) + (-79)/n?
9
Suppose 5*h = -2*t + 108, -t + 65 = h + 2*h. Suppose -5*s = -h - 103. Suppose 0 = -3*v - 2*v + s. What is the units digit of v?
5
Let u be (12/14)/((-3)/(-21)). Suppose -2*t - u = -0. What is the units digit of (-1 + 16)*t/(-5)?
9
Let h(q) = -2*q - 5. Let x be h(-10). Let l = -13 + x. What is the units digit of l?
2
Let i(g) be the second derivative of -5*g**3/6 + 11*g**2/2 + 3*g. What is the tens digit of i(-5)?
3
Let w(u) = 16*u**2 + 2*u + 1. Suppose -1 = -2*x - 3. Let f be w(x). Let s = -11 + f. What is the units digit of s?
4
Let z = -5 - -7. Suppose 0 = z*q - 6, -3*t + 36 = 2*q - q. What is the tens digit of t?
1
Let w(s) = -s + 5. Let b be w(5). Suppose 4*x - 32 + 4 = b. What is the units digit of x?
7
Suppose 0 = 3*c - 6, -b - 2*b + 2*c + 56 = 0. What is the units digit of b?
0
Suppose -4*m - m = -375. Suppose -m = -4*b - 7. Suppose 3*s + b = -2*q - 3*q, 2*s + 18 = -5*q. What is the units digit of s?
1
Suppose 8 + 8 = 4*c + 2*w, c = 3*w - 3. Suppose 2*t + b = 8, b = -3*b. Suppose 0*g + t*p = -3*g + 45, g = -c*p + 20. What is the tens digit of g?
1
Let w = 99 + 56. What is the tens digit of w?
5
Let v = -2 + 6. Le